 p(k)?
8
Suppose 10*b - 5*b = 25. What is the units digit of b?
5
Let g be -59 - (-3 - -2)/(-1). Let x be 4*(-5)/(g/(-27)). What is the units digit of -1 + (-2)/(6/x)?
2
Let t = 16 - 12. What is the units digit of t?
4
Suppose 0 = -2*t + 4*t + 5*z - 105, -84 = -2*t + 2*z. What is the units digit of t?
5
Suppose 10 = -2*c - 2*w, -2*w + 25 = -3*c - 2*c. Let k = c + 3. What is the units digit of (0 + -5)/1*k?
0
Let u(a) = a**2 + 3*a - 1. Let z be u(-4). Suppose v + 4*o + 20 = 0, 5*v + z*o + 9 + 6 = 0. Let x = v - -3. What is the units digit of x?
3
Let o(b) = b - 4. Let l be o(7). Let r = l + -1. Suppose 5 = 7*x - r*x. What is the units digit of x?
1
Let d = -19 - -24. Let x(f) = -f**3 + 4*f**2 + 7*f - 7. What is the units digit of x(d)?
3
Suppose 0 = 3*l + 3, 4*t - t - 171 = -3*l. Suppose 3*u - t = 56. Let x = u - 26. What is the tens digit of x?
1
Let l = -49 + 104. Suppose 0*s + 5*s = l. What is the tens digit of s?
1
Suppose -16 = 3*h - 7*h. What is the units digit of h?
4
Suppose y - 4*a = -0*y + 28, y + 4*a = -12. Suppose -y + 2 = -3*h. What is the units digit of h?
2
Let o(z) = z**2 + 2*z + 2. Let h = -1 + -2. What is the units digit of o(h)?
5
Let m = 14 + -12. What is the units digit of m?
2
Suppose -q = 2*h + h - 252, -2*q - 2*h + 492 = 0. What is the units digit of q?
3
What is the tens digit of -3*(4/(-1) - 3)?
2
Suppose 5*t + 24 = 2*i - 0*i, -5*i = 15. Let u = t - -5. What is the units digit of u/(3/(-24)*1)?
8
What is the tens digit of (-3100)/(-80) + (-1)/(-4)?
3
Suppose -2*b - 2 = -4*c + 2*c, 3*b + 5 = 5*c. Suppose b*w + 2 = w. Suppose -5*x = -10, 5 = g + w*x - 4. What is the units digit of g?
5
Suppose 0 = -5*f + 8*f - 675. What is the units digit of f?
5
Let r(w) = 2*w + 2. Suppose z - 6 = 3*z. Let d be r(z). What is the tens digit of (-2 - (-3 - d)) + 20?
1
Suppose 3*x - 84 = x. Let u = x + -27. What is the units digit of u?
5
Let n(h) = h**2 - 4*h - 5. Let y be n(5). Let f = -5 + y. Let p(b) = b**2 + 3*b. What is the tens digit of p(f)?
1
Suppose 3*c + 29 = -4. Let x = c + 20. What is the units digit of x?
9
Suppose -5*v + 4*t + t + 465 = 0, 5*v + t = 495. What is the tens digit of v?
9
Let k(l) = l - 1. Let p be 2 + 0/(-3) - 4. Let n be 12/1*(-1)/p. What is the units digit of k(n)?
5
Let a = 732 - 504. What is the hundreds digit of a?
2
Let x(q) = -q**2 + 2*q - 3. Let d be x(2). Let g be d/5 + 8/5. Suppose 2*s = -i + g, 5*s - 16 = -5*i + 14. What is the tens digit of i?
1
Let c = -6 - -11. Suppose -89 = -c*x + 6. What is the units digit of x?
9
Let k(z) = -z**3 + 4*z**2 - 3*z + 5. Let h be k(3). Let f(w) = -w + 13. What is the units digit of f(h)?
8
Suppose 5*u + 2 = -13. Let f be (22/(-3))/(12/(-18)). What is the units digit of f/3 - (-2)/u?
3
Let h(k) = 7*k**2 - k - 7. What is the units digit of h(-6)?
1
Let n be 2/(0 - -2) - 3. What is the units digit of (-3)/((-74)/34 - n)?
7
Let w = -55 + 56. What is the units digit of w?
1
Suppose -3*t - 3*k + 9 = 0, 6*t - 4*t + 4*k = 8. Suppose -t*b - 2*s = -0*b - 72, 4*s - 16 = 0. What is the tens digit of b?
3
Let h(x) be the second derivative of -x**3/6 + 13*x**2/2 + 4*x. What is the units digit of h(0)?
3
Suppose 0*p + 36 = 2*p. What is the units digit of p?
8
Suppose -2*b = 2*b + 24. Let z = 16 - b. What is the tens digit of z?
2
Suppose -u = -62 + 16. What is the units digit of u?
6
Suppose 4*j - 302 = -2*g - 3*g, 2*j - 58 = -g. What is the units digit of g?
2
Let s(c) = -c**2 - 5. Let x be s(0). Let l = x + 22. Let p = 24 - l. What is the units digit of p?
7
Suppose -17 + 5 = -3*w. Suppose 3*p - 9 = w*o + 7, 0 = 3*p + 2*o - 28. What is the units digit of p?
8
Let x = 0 - -1. Let o = 2 + x. What is the units digit of o?
3
Let k = -5 + 2. Let t = k + 3. Suppose t = -s - q + 7, -2*s - 6 = -q - q. What is the units digit of s?
2
Suppose 12 = 3*r + 42. Let d = 11 + r. What is the units digit of d?
1
Let x = -1 - -3. Let k be (-9)/6*160/(-24). Suppose -f = -5*j + k, -x*j - f + 8 = -j. What is the units digit of j?
3
Let m(u) = 7*u**2 + u - 2. Let x = 1 - -1. Let f be m(x). Suppose 3*t = -5*d + 48, 2*d - 2*t - f = -t. What is the units digit of d?
2
Let m = -4 + 9. Let d(u) = -u**3 + 5*u**2 + 3. What is the units digit of d(m)?
3
Suppose -20 - 15 = -k - 4*d, -2*k = -5*d - 31. Suppose 4*h = 25 + k. What is the units digit of ((-36)/(-14))/(h/56)?
2
Let m = -25 + 67. What is the units digit of m?
2
Let f(w) = w**2 - 7*w - 4. Let j be f(8). Suppose 0 = 4*u - 3*c - 64, -3*u - j*c - 41 = -6*u. What is the units digit of u?
9
Let u be 15/6*(-16)/(-10). Suppose u*z - 4 + 0 = 0. What is the units digit of (z + -3)/(-2) + 7?
8
Let s(z) = z**3 - 5*z**2 + 4*z + 3. Let y be 3/(-6) + (-37)/(-2). Let q be ((-4)/(-6))/(3/y). What is the units digit of s(q)?
3
Suppose -2*y + 5*y - 3*k - 819 = 0, -2*y - 2*k = -526. What is the units digit of y?
8
Suppose 4*m - 141 = o, -122 + 41 = -2*m - 3*o. What is the tens digit of m?
3
Suppose -p - 16 = -0*p. Let d = 22 + p. Suppose 0 = v - d*v + 40. What is the units digit of v?
8
Let s = 95 - 13. What is the units digit of s?
2
Let g be -7 + (0 + 1 - 2). Let r = 14 + g. What is the units digit of r?
6
Let p(z) = 18*z**2 + z. Let i be p(-1). Let v = 26 - i. What is the units digit of v?
9
Suppose 8*j - 3*j - 155 = 0. Suppose -3*s + 2*y + j = 0, -4*s + 4*y + 30 = 7*y. What is the units digit of s?
9
Let k(x) = 6*x + 1. Let i = 4 + -2. What is the units digit of k(i)?
3
Let r = 23 - 6. Suppose 2*x = -x + 75. Let i = x - r. What is the units digit of i?
8
Suppose -6 = -2*u - 14. Let z = -1 - u. What is the units digit of z?
3
Let g = 15 - -62. What is the units digit of g?
7
Let p(k) = -5*k**2 - 28*k**3 - 6*k**3 + 6*k**2. Let g be p(1). What is the tens digit of 6/g - (-668)/44?
1
Let i(z) = -2*z - 10. Let w be i(-6). Suppose 3*q + w*q - 64 = -p, -3*q + 34 = 5*p. What is the tens digit of q?
1
Suppose 7*k = 8*k - 254. What is the tens digit of k?
5
Suppose 0 = -7*h + 2*h. Suppose -t = -4*l - h*t + 60, -3*t + 44 = 4*l. What is the tens digit of l?
1
Let d = 7 + 83. Suppose 0*f = -5*f + d. What is the tens digit of f?
1
Let g = -8 - -13. Suppose 9 = 2*r - g. What is the units digit of r?
7
Let w = 3 + -4. Let k = 0 + w. What is the units digit of -1 + k*(-3 - -1)?
1
Let b(d) = -55*d - 4. What is the units digit of b(-4)?
6
Let p be 3 + 3/((-12)/136). Let z = p - -66. What is the tens digit of z?
3
What is the tens digit of 2/(-9) - 6640/(-72)?
9
Suppose 2*b + 5 = -3*b. What is the units digit of (25 + b)/3 - 0?
8
Let i(u) = -u**3 - 5*u**2 - 3*u - 7. Let k be i(-5). Let r be 14/4 - (-2)/(-4). Let x = k + r. What is the units digit of x?
1
Let p be -2 + (-2 - (-23 + 2)). Suppose u + 5*o = -0*u + 29, 3*u - p = -o. Suppose -2*g - 2 = -u*g. What is the units digit of g?
1
Let t(f) = -7*f. What is the tens digit of t(-4)?
2
Let q(r) = 4*r - 7. Let o = 0 + 2. Suppose -o - 10 = -2*y. What is the units digit of q(y)?
7
Let l(y) = y**3 + 9*y**2 + 7*y - 1. Let d be l(-8). What is the tens digit of (-2)/d - (-1974)/49?
4
Let x be (-175)/(-2) - (-6)/4. Let o = x - 63. What is the tens digit of o?
2
Suppose 24 = 4*z - 108. Suppose 0 = -3*i - 3*u + z, 2*u - 21 = -4*i + 21. What is the units digit of i?
0
Let l(c) = -3*c**3 - 4*c**2 + 6*c - 10. What is the tens digit of l(-5)?
3
Let c(m) = 2*m**2 + 4*m - 1. Let l be c(-3). Suppose 7 - 22 = -l*h. Suppose -h*z = -z - 4. What is the units digit of z?
2
Suppose 2*g + 3*r = -2, -4*g - 2*r + 0*r = -4. Suppose 0*q - 72 = g*q. What is the units digit of 8/q - (-148)/18?
8
Let i(w) be the second derivative of w**3 - 2*w**2 + 5*w. What is the tens digit of i(5)?
2
Let q(a) = -a**3 - 6*a**2 - 9*a. Let v be q(-6). Suppose -4*f + 30 = -v. What is the units digit of f?
1
Suppose 5*f = -2*s + 33, -f - s - 3 = -9. Suppose 5*h - f*h = -26. What is the units digit of h?
3
Suppose -n + 4 = n. Let z be 2 + n*(-2 + -2). What is the units digit of 2/(z/(-4) + -1)?
4
Let f = -30 - -93. What is the units digit of f?
3
Suppose -3*c = 0, -3*i + 2*c + 51 + 63 = 0. What is the tens digit of i?
3
Let m(t) be the first derivative of t**3/3 + 3*t**2 - 5*t + 1. Let y = -25 + 18. What is the units digit of m(y)?
2
Let z(f) = 3*f**2 - f**3 - 4 + 0 + 12*f + 5 + 0. What is the tens digit of z(5)?
1
Suppose z = -v - 4, -2*z + 1 - 3 = 0. Let a(o) = 4*o**2 - 4*o**2 + 